+ 7870. List the prime factors of p.
2, 131
Let a(k) be the second derivative of -7*k**4/4 - k**3/6 + 3*k**2 + 2*k. Let x be a(-3). List the prime factors of (-418)/(-18) - (-40)/x.
23
Suppose -13*q - 1065 = 105. Let z = 153 + q. List the prime factors of z.
3, 7
Let k = -304 - -934. What are the prime factors of k?
2, 3, 5, 7
Let o be (-156)/21 - (-12)/28. Let x = 70 - o. What are the prime factors of x?
7, 11
Let t be (-162)/39 - (-12)/78. Let r be 1/4 - 99/t. Let z = r + -7. List the prime factors of z.
2, 3
Let s = -10 + 478. What are the prime factors of s?
2, 3, 13
Let m = -18 + 17. List the prime factors of 2 - (3/m + -46).
3, 17
Suppose -3*i + 0*i - 12 = 3*b, -5*b - i - 16 = 0. Let q(l) be the third derivative of l**5/30 - l**4/8 - l**3/3 + 7*l**2. List the prime factors of q(b).
5
Let t(r) = 20*r**2 - 3*r + 3. List the prime factors of t(8).
1259
Suppose 2*k + 8 = 2*s, 5*k - 6*k - 19 = -4*s. Let m = 1 + s. List the prime factors of 44 + m/(-8)*-4.
47
Let l be (60/8)/(9/(-12)). Let a(v) = -26*v - 13. What are the prime factors of a(l)?
13, 19
Suppose 4*h - 5*z + 4*z - 3416 = 0, -3*h + 2549 = -4*z. What are the prime factors of h?
3, 5, 19
Let d = 482 - -350. List the prime factors of d.
2, 13
Suppose 3*m + 95 = -133. Let g = m - -32. Let w = -21 - g. List the prime factors of w.
23
Let h be 3/6*(8 + -8). Let z = 66 - h. List the prime factors of z.
2, 3, 11
List the prime factors of 3/4 - (-56180)/80.
19, 37
Let j = 21 + -16. Suppose j*m + o = 310, 0*o - 20 = -4*o. What are the prime factors of m?
61
Let k(x) be the second derivative of -88*x**3/3 - x**2/2 + 7*x. List the prime factors of k(-1).
5, 7
Suppose 2742 = -15*b + 21*b. What are the prime factors of b?
457
Let v(t) = -5*t**3 + 4 + 4*t**3 - 9*t**2 + 24*t - 33*t. Let l be v(-8). Suppose -3*u = -6*u + l. What are the prime factors of u?
2
Suppose -f + 4 = -5*w + 22, -3*f - 4*w + 22 = 0. Suppose o - 61 - 53 = -f*k, 3*o + 3*k - 336 = 0. List the prime factors of o.
2, 5, 11
Suppose 0 = 15*s + 2*s - 27523. List the prime factors of s.
1619
Let b = -62 + 63. List the prime factors of b + 0 - (3 - 102).
2, 5
Let b = -1009 + 2199. List the prime factors of b.
2, 5, 7, 17
Suppose 4*i + 662 + 729 = -5*z, -555 = 2*z + 3*i. Let y be (-4)/(-22) + z/(-99). What are the prime factors of y/(-9) - 110/(-6)?
2, 3
Suppose 0*z - 4*z - 12 = -4*b, -2*b - 2 = 0. Let c(v) = -v**3 + 22*v**2 - 2*v + 42. Let y be c(22). List the prime factors of z/2 - -2 - y.
2
Let a = 4051 - 1373. What are the prime factors of a?
2, 13, 103
Let v be (-10)/(-4)*(-4 - -6). Suppose 3*r = 4*r + 1, v*j + 4*r = 131. List the prime factors of j.
3
Suppose 5*m = -5*h + 330, 4*h - 4*m = m + 237. Let v = h + -2. What are the prime factors of v?
61
Let i(d) = 3*d - 10. Suppose -1 = m - 5. Let q be i(m). Suppose x = z - 31, 4*z - 121 = -q*x + 33. What are the prime factors of z?
2, 3
What are the prime factors of (-4)/(-5)*(797 + 23)?
2, 41
Let i = -339 - -839. List the prime factors of i.
2, 5
Let q(y) = -11*y + y**3 + 13*y**3 + 13 - 13*y**3 - 5*y**2. What are the prime factors of q(7)?
2, 17
Let u(m) = -6 + 2*m + 11*m - 24*m. What are the prime factors of u(-6)?
2, 3, 5
Suppose 4*s - 6 = 2*s. Suppose s*g + 30 = 87. Suppose -61 = -4*z + g. What are the prime factors of z?
2, 5
Let g be (-15)/(-10) + 6/4. Suppose g*h - 73 = 8. Suppose m + h = 4*m. What are the prime factors of m?
3
Suppose 3*r - 6*r = -66. Let y(f) = -f**2 - 6*f - 5. Let u be y(-5). Suppose u*z + z = r. List the prime factors of z.
2, 11
Let g = -114 - -126. What are the prime factors of g?
2, 3
Suppose 4*k - 1233 = 4*u + 1679, 2*k + 2*u - 1468 = 0. List the prime factors of k.
17, 43
Suppose -2*c = 2*u - 1230, -3*c + u - 559 = -2384. Suppose 180 = o - 3*r, -2*o - 5*r + c = o. Suppose 2*s = -3*s + o. List the prime factors of s.
3, 13
Let c(h) = 181*h**2 - 1. Let i be c(-1). Let y = 264 - i. List the prime factors of y.
2, 3, 7
Suppose -4*b + 6*v = 3*v + 7, v - 3 = b. Suppose 0 = b*d + 4*d - 324. List the prime factors of d.
2, 3
Let o be (-2 - 1255)*4/(-12) - -1. Suppose -3*a = q + q - 316, 0 = -4*a - 3*q + o. What are the prime factors of a?
2, 3
Let c(w) = 13*w + 139. What are the prime factors of c(17)?
2, 3, 5
Suppose 0 = -3*z + 6 - 0. Suppose -z*c = 3*c - 510. List the prime factors of c.
2, 3, 17
Let d be (-2)/6 - 1/(-3). Suppose 0 = -i - 6 - d. List the prime factors of ((-8)/6)/(i/27).
2, 3
Let t = -387 + 558. List the prime factors of t.
3, 19
Let k(s) = 343*s**2 - 6*s + 2. What are the prime factors of k(2)?
2, 3, 227
Let g(n) = -60*n**3 - n**2 - 4*n - 3. List the prime factors of g(-2).
13, 37
List the prime factors of (5 + 45/(-6))*(-856)/10.
2, 107
Let w(v) = 63 - 2*v + 118 - v + 4*v. List the prime factors of w(0).
181
Let s(i) = 2*i + 0*i + 0*i - 2 + 6. Let j be s(-7). What are the prime factors of 1*-1 + j + 13?
2
Let j(c) = c**3 + 7*c**2 - 9*c - 9. Let s be j(-8). Let p be (9/(-15) - s)*20. Suppose 4*n - p*n = -40. What are the prime factors of n?
2, 5
Let m(s) = 4*s**2 - 15*s - 16. List the prime factors of m(15).
659
Let d be 4*(10/(-8) - -3). Suppose 0 = -s - 15 + d. What are the prime factors of (-18)/(-4)*s/(-3)?
2, 3
Let k be 16 + 2 + 4 + -4. Let n = k - 36. List the prime factors of (n - 9)*(-2)/6.
3
Let h(k) = -13*k - 1. Let d be h(-1). Suppose 0 = -0*r + 3*r + d. List the prime factors of r + (3 - 1) + 14.
2, 3
Let x(c) be the second derivative of -c**5/20 + 3*c**4/4 - 3*c**2 + 11*c. What are the prime factors of x(8)?
2, 29
Let i = 442 + -176. Suppose 5*d + 5*w = 505, 3*d - 45 = -w + i. What are the prime factors of d?
3, 5, 7
Suppose -36*p = -1467 - 12465. List the prime factors of p.
3, 43
Let h(y) = 7*y + 7. Let v(l) = -13*l - 13. Suppose -j + 35 = -3*p, p = -4*p - 2*j - 51. Let i(x) = p*h(x) - 6*v(x). List the prime factors of i(9).
2, 5
Let z(q) = 15*q**2 + 29*q - 2. List the prime factors of z(9).
2, 11, 67
Suppose t + 4*l = 61, 0 = 5*t - l + 2*l - 305. Suppose t + 44 = -5*j - 3*v, 4*v + 21 = -j. List the prime factors of 66/(-8)*56/j.
2, 11
Let v = 1735 - 170. List the prime factors of v.
5, 313
Suppose 3*q + 15 = 5*b, 5*q - 2*b + 3 = -b. Suppose 6*w - 11*w + 390 = q. List the prime factors of w.
2, 3, 13
Let c = 639 + -979. Let a = -223 - c. List the prime factors of a.
3, 13
Suppose 0 = 4*r + 2*i - 796, 10*r - 5*i = 6*r + 824. What are the prime factors of r?
3, 67
Suppose -5*o = -o. Let d(z) = -z**3 - 2*z + 45. List the prime factors of d(o).
3, 5
Suppose 2*x + 0*x - 10 = 0. Let o = 68 + -34. Let f = o - x. List the prime factors of f.
29
Suppose -1551 = -7*n + 1123. What are the prime factors of n?
2, 191
List the prime factors of (-464)/(-290)*(-1255)/(-2).
2, 251
Suppose -2 = -k - 0*k. Let q(t) = t. Let f(z) = 3*z + 2. Let l(i) = -f(i) + 5*q(i). What are the prime factors of l(k)?
2
Suppose 8 = 4*n - 0*s + s, -13 = n + 4*s. Suppose -n = -b + 4*b. What are the prime factors of 5 - b*12/(-4)?
2
Suppose -6*h - 4 = -8*h. Let b be (4 + -2 - h) + -46. What are the prime factors of (-1)/(b/(-24) - 2)?
2, 3
Suppose -69 = -3*n - 14*u + 15*u, 3*n = -u + 69. What are the prime factors of n?
23
Let a(j) = -6*j**2 + 4*j**3 - 3*j**3 + 5*j - 9 + 0*j**2. Let z be 3 + 93/33 + (-8)/(-44). List the prime factors of a(z).
3, 7
Let c(s) = s**2 - 2*s - 30. List the prime factors of c(14).
2, 3, 23
List the prime factors of 352*(-7)/(-28)*2.
2, 11
Let x(q) = -q**2 + 12*q - 9. Let r be x(8). Let y = r + -20. What are the prime factors of y?
3
Let q = -10 - -12. Suppose p = -q*p + 57. Let a = p + 0. List the prime factors of a.
19
List the prime factors of 2243 + (10 - 9) + -12.
2, 3, 31
Suppose 16 = 8*f - 4*f. Suppose -2*d + y = -38 - 229, 3*d + f*y = 428. Suppose -25 = 3*q - d. List the prime factors of q.
37
Let f(v) = -29 + 11 + 10 + 2*v**2 + 2*v. Let j be f(-6). Let w = j - 8. What are the prime factors of w?
2, 11
Suppose -b = -4*b - 783. List the prime factors of 2 - (-2)/((-6)/b).
89
Let h = 9 - 7. Suppose 2*o = -10 + h. List the prime factors of o/(-22) + 1640/55.
2, 3, 5
Suppose -3*r - 4*l + 22 = 0, 0 = 3*r - 2*l + 5*l - 21. Let m = 3 + -7. Let q = m + r. List the prime factors of q.
2
Let y be 1 + 1/((-2)/150). Let v = 123 + y. What are the prime factors of v?
7
Let a = 7 - 10. What are the prime factors of (-2)/6*a - -4?
5
Let r = 6